t is the greatest common divisor of l and 48?
12
Let a = -6868 - -6892. Suppose 4*i - 9 = 3. Suppose 4*m + 11 = i*h - 3, 3*h - 22 = -4*m. Calculate the greatest common factor of a and h.
6
Suppose 0*k + 18 = 3*l - 3*k, l - 9 = 2*k. Suppose 3*p = -l*p. Suppose -2*h - 2*c - 2*c + 156 = 0, -2*c + 8 = p. What is the highest common factor of h and 28?
14
Let u = -80 - -80. Suppose 0 = t - 4*m - 95, u = -4*t + t + 2*m + 275. Calculate the highest common factor of 143 and t.
13
Suppose -7*i + 4*i = -5*a + 470, a = -4*i - 642. Let h = -159 - i. Let r = -1 + 2. Calculate the highest common factor of h and r.
1
Suppose 0 = 2*p - 7*p, 5*p + 172 = -b. Let j = 239 + b. What is the greatest common factor of j and 536?
67
Let v be (-4)/(-3)*39/13. Suppose 3*q - 74 = -v*n + 2, -5*n + 3*q = -95. Let r = -479 - -612. Calculate the highest common factor of r and n.
19
Let n(u) = -101*u + 256. Let v be n(-1). What is the highest common factor of 952 and v?
119
Suppose -24 = -o - 17. Suppose o = 2*c + 1. Suppose 3*z + 2 = -5*v, c*v + 2*z + 0 = -2. Calculate the highest common divisor of v and 8.
2
Suppose -2*j - 1566 = -4*j. Let w = j + -69. Calculate the highest common factor of 42 and w.
42
Suppose 6*n + 69*n - 38925 = 0. What is the highest common factor of 12 and n?
3
Let q = 1704 - 1524. What is the greatest common factor of 972 and q?
36
Let q = -352 + 356. Suppose 4*h = -3*p + 6*p + 33, -h - q*p - 6 = 0. Calculate the greatest common factor of 36 and h.
6
Suppose 4*c - 276 = -2*y, -c - 5*y - 80 = -2*c. Suppose -73*q + 36 = -c*q. What is the highest common factor of 4 and q?
4
Let x be (-1)/((22/(-715)*-13)/(1464/(-15))). What is the greatest common factor of x and 5002?
122
Suppose -3*g - 7 = -5*s - 4, -3*s = -3*g + 3. Suppose s*b - q = 112, -86 = -5*b + q + 98. Let j = -9 + 21. Calculate the greatest common factor of b and j.
12
Suppose 4683 + 14595 = 14*t. What is the highest common divisor of t and 357?
51
Suppose 0*d + 92 = 4*d + 16. Calculate the greatest common factor of 25 and d.
1
Let q(d) = 3*d - 19. Let l be q(-4). Let f = l + 38. Suppose 0 = -6*g + g + 5. What is the highest common divisor of g and f?
1
Let h be -2 + (7 - -3) + 0. Let i = 156 + -134. Suppose 2*r = -x + i, 1 = -2*x + 5*r + 18. What is the greatest common factor of h and x?
8
Suppose 0 = -2*w - 2*z + 936, 2*w + 0*z = 4*z + 930. Let u = w + -419. What is the greatest common factor of 72 and u?
24
Let c(b) = 2*b**3 - 160*b**2 - 138*b - 378. Let s be c(81). Calculate the greatest common divisor of 486 and s.
54
Let s(w) = -169*w - 99. Let i be s(-3). What is the greatest common divisor of 153 and i?
51
Suppose 26*i = 12*i + 392. Suppose i*d - 4350 = -d. Calculate the greatest common factor of d and 15.
15
Let z be ((-15)/(-12) - 3/4)*6. Suppose z*c + 4 = 4*c. Let d = 7 - c. Calculate the highest common factor of d and 3.
3
Let h(k) = -1 + 9*k - 12 - 24*k. Let j(f) = 14*f + 12. Let u(b) = -3*h(b) - 4*j(b). Let i be u(-3). Calculate the highest common divisor of 96 and i.
24
Let w = 16876 + -14528. What is the greatest common divisor of 4 and w?
4
Let h = -227 + 228. Let x be 10/(-6)*(-36)/5*h. What is the greatest common factor of x and 6?
6
Let q be -2 + 8 - -4 - 78. Let l = -52 - 11. Let x = l - q. What is the highest common divisor of x and 2?
1
Let v = 12 + -10. Suppose v*l = -2*l + 12. Let y be (112/32)/(7/8). What is the highest common divisor of l and y?
1
Let u be (-2 - 0 - -2) + 53 + 3. Let f be 254 - (4 + (-1)/(1/2)). Calculate the highest common factor of u and f.
28
Let i(z) = 2*z**2 + 16*z - 4. Let x be 2/((-4)/(-3))*-6. Let n be i(x). Let v = -34 - -76. What is the highest common divisor of v and n?
14
Let o = 2823 - 1967. What is the greatest common divisor of 8 and o?
8
Suppose -3182 = -92*b + 12*b + 1618. What is the highest common factor of 1530 and b?
30
Suppose -4 = -3*n + n. Suppose 2*u - n = 3*m - 5*m, 3*m + 5*u = 1. Let g be (m - 1)*(-17 - -129). What is the highest common factor of g and 14?
14
Suppose -180*t + 4*v + 20 = -179*t, 4*v - 4 = 0. Calculate the greatest common divisor of t and 1398.
6
Suppose -o = -k - 40, 2*o - 27 - 29 = -6*k. Suppose 0 = 3*z - 5*c - 212, -c = c - 4. Calculate the greatest common factor of o and z.
37
Let j(z) = 7*z - 5. Suppose 5*g + 0*g = 10. Let b be j(g). Calculate the highest common divisor of b and 117.
9
Suppose 2*y - 2*l = 292, -6*l + 450 = 3*y - 3*l. What is the highest common divisor of 37 and y?
37
Suppose 28*l = 26*l + 16. Calculate the greatest common factor of l and 40.
8
Let q(j) = 178*j + 2402. Let z be q(-13). What is the highest common divisor of 32 and z?
8
Let h(y) = 26*y + 2006. Let t be h(-77). What is the highest common divisor of t and 101?
1
Let g(o) = 37*o**2 + 209*o - 171. Let n be g(-9). What is the greatest common divisor of 105 and n?
105
Let g = 532 + -531. Suppose 3*o + 2*i = 5*i, 5*o - 4 = 3*i. What is the highest common divisor of g and o?
1
Let x be (15/(-10))/((-10)/((-7520)/(-12))). Let s be 211/3 + (-3)/9. Let j = x - s. Calculate the highest common factor of j and 48.
24
Suppose -56 = -4*c + 2*c. Let w = c + -23. Suppose -84 - 66 = -2*j - 5*n, w*j + 4*n - 392 = 0. What is the highest common divisor of j and 10?
10
Let b(k) = 2*k + 20. Let g be b(-8). Suppose 0 = g*p - 57 + 9. Let v(x) = x + 34. Let h be v(-22). Calculate the greatest common divisor of p and h.
12
Let i = 80 + -56. Suppose -5*d - 28 = -t, -5*d + 56 = 5*t - i. Calculate the highest common factor of 8 and t.
2
Let l(y) = -y**3 + 18*y**2 - 15*y - 34. Let n be l(13). Let j = 88 + -66. What is the highest common factor of j and n?
22
Suppose -5*q + 35 + 95 = 0. Let r be ((-2)/(-3) + -2)/(29/(-348)). Suppose 4*u - r*u = -312. Calculate the greatest common divisor of q and u.
26
Let s = 138 - 66. Suppose 0*f = f - s. Let c be 51/(-3) + (-3605)/(-206) - 71/(-2). Calculate the highest common divisor of c and f.
36
Let s be (16 - 10 - -9)*(-22)/(-6). What is the greatest common factor of s and 539?
11
Let q(x) = -x**2 + 29*x. Let c be q(13). Calculate the highest common divisor of c and 143.
13
Suppose 0*j - j + 11*p - 14*p = -31, -p = 0. Calculate the highest common divisor of j and 5.
1
Let o be (70/15 + -5)*(0 - -123). Let y = 49 + o. Calculate the greatest common factor of y and 144.
8
Suppose 4849 - 3174 = 25*f. What is the highest common divisor of f and 6?
1
Let w = 456 + 496. Calculate the highest common divisor of 357 and w.
119
Let o = 96 - 154. Let m = o - -62. Suppose -m*z + 296 = -4*b, -5*b + 157 + 157 = 4*z. Calculate the greatest common divisor of z and 190.
38
Suppose 96*w - 92*w + 5*l = 38, 0 = 5*w + 3*l - 41. Let d be (-23)/(3 + 4/(-4))*-14. Calculate the greatest common divisor of w and d.
7
Let h(s) = -s**2 - 3*s + 5. Let i be h(-4). Let f be (-4)/i*(-10 + (-85)/4). What is the greatest common factor of 75 and f?
25
Let y(z) = -z**3 + 9*z**2 - 14*z + 3. Let b be y(7). Suppose 0 = 2*p + 2*c - 28, p - 22 = b*c - 6*c. What is the greatest common factor of p and 610?
10
Let t(j) = 16*j**2 - 4*j + 8. Let z be t(-6). Suppose -4*c + 30 + 2 = 0. Suppose c*l - z = 4*l. What is the greatest common factor of 19 and l?
19
Suppose -1930 = -13*s + 2503. What is the highest common divisor of 121 and s?
11
Suppose -5*y + 3*o = -9286, 549*y - 5594 = 546*y - o. Calculate the highest common divisor of 2261 and y.
133
Suppose -2*c + 5 = -5. Let s be 42/c*(-40)/(-6). Let h = 1743924 + -1743916. Calculate the highest common factor of h and s.
8
Suppose -17*w + 48 = -37. Suppose w*b = -b + 12. Calculate the greatest common factor of 28 and b.
2
Let p(y) = -74*y + 1548. Let h be p(14). What is the greatest common factor of h and 2?
2
Let i(j) = -j**2 + 8*j. Let o be i(5). Let f = 145 - -2. Let r = 312 - f. What is the highest common divisor of r and o?
15
Let l = -1072 + 1226. What is the highest common divisor of 28 and l?
14
Let u = 151 - 119. Let f(y) = -y**2 - 3*y + 4. Let b be f(-4). Suppose 2*o + 6 = 0, 3*m + o - 4*o - 873 = b. What is the highest common divisor of m and u?
32
Suppose 0 = 320*w - 343*w + 2974 + 821. Calculate the highest common factor of 190 and w.
5
Let m(k) = -3*k - 17. Let f be m(-7). Suppose 0 = 6*s + f*s - 630. Suppose -3*u + s = 6*u. What is the highest common divisor of u and 63?
7
Let o be 2*((-12)/18 + 356